3))?
-6
What is the value of (-21 - (-39 - -43)) + 5?
-20
What is (9 - (-18 + 15)) + -8?
4
Evaluate 26 + 10 + -5 - 15.
16
Calculate -64 + 14 - -48 - (1 - -12).
-15
Evaluate (1 - -5) + (10 + 1 - 20 - -14).
11
What is (-20 - (7 + 1 + -6 + -6)) + 5?
-11
Calculate -4 + -3 - (-2 + (3 - -7)).
-15
Calculate (25 - 12) + 30 - 8.
35
-46 - 9 - -37 - -19
1
(-6 - -29) + (397 - 387)
33
What is the value of (-16 + 43 - 6 - 18) + (-3 - 1)?
-1
-17 + -62 + 31 + 45 + (1 - 5)
-7
Evaluate 16 + 32 + -19 - 23.
6
What is (-18 - -11 - -21) + (-4 - -6)?
16
-13 + (8 - 1) - (17 - 3)
-20
Evaluate (-1 - 0) + 2 - (5 - (-7 + 12)).
1
(-9 - (-2 + 0 - 0 - 5)) + -27
-29
Calculate -13 + 18 + -5 + -10.
-10
Evaluate -687 - -672 - (-21 + -3 + 6).
3
Evaluate -27 - (-9 - (-3 + -11) - 5).
-27
Calculate -1 - -17 - (-75 + 95 + -36).
32
What is the value of 14 - 20 - (-2 + 2) - (-5 + -29)?
28
1 + (-7 + -12 - -9 - -8)
-1
What is (9 + 7 - 8) + -9?
-1
Calculate 6 + -17 + (26 - 32).
-17
Evaluate 17 - (-17 + 12 - -5).
17
Evaluate (6 - -1) + 10 + -4 + -9 + 7.
11
Calculate -31 + (26 - -2 - -20).
17
-4 - 2 - (3 + 10 - 7)
-12
Calculate 18 + -38 + 12 + 12.
4
Calculate -3 + (-12 + 17 - 11).
-9
Calculate 3 - ((1 - -1) + -11 + (-8 - -6)).
14
Calculate 46 + ((-5 - -10) + -9 - 14).
28
(-122 - -110 - (-12 + (-2 - -1))) + -18
-17
Evaluate 11 - ((-14 - 20) + 3 - -19).
23
Calculate 10 - (324 - 321 - (-2 + -1 - -1)).
5
What is the value of (100 - 34 - 20) + (-4 - 14)?
28
15 - (-16 + 32 + 18)
-19
What is -28 + 17 + 39 + -45?
-17
Calculate -1 + -5 - (25 - 20).
-11
Calculate -26 - -25 - (-11 + 15).
-5
What is the value of 30 + (-31 + 37 - 13)?
23
Calculate (-621 - -643) + -2 + 1 + -8.
13
Calculate (-4 - (-18 - -23)) + 2.
-7
12 + -2 + -9 + 36 + -37
0
Evaluate 3334 - 3338 - ((33 - 1) + 2).
-38
(-8 - (-2 - -2) - 0) + -313 + 285
-36
Evaluate 5 + -1 - (-172 + 181) - 8.
-13
What is 8 + -66 + 18 - -15?
-25
Evaluate -3 + -6 + (15 - 10) - (-14 + -1).
11
What is the value of 15 + 11 + -33 + -17?
-24
Calculate 6 + -6 + -14 + (15 - -14).
15
39 - (53 + -12 + -27)
25
Evaluate -5 + (-3 - -6) - (54 + -43).
-13
What is 36 - (13 + 25 + -20)?
18
Calculate (1 + 0 - ((30 - 31) + 5)) + 25.
22
Evaluate -12 + (-9 - (-2 + -4)) + (6 - 1).
-10
Calculate -15 - (3 - (35 - 8)).
9
Evaluate -10 + (0 + -8 - (-15 - (-53 - -32))).
-24
What is the value of 17 + (11 - 30) + 2?
0
9 - ((8 - 1) + -88 + 82)
8
Calculate -1 + -22 + 5 + 32.
14
Evaluate -286 + 268 - (-2 + -15).
-1
Calculate -18 + (-6 - (-7 - (10 - 6))).
-13
What is the value of (1 - -10 - 19) + -25 - (-2 - 8)?
-23
What is -37 + 47 + (15 - 53)?
-28
What is the value of 4 - (1 - (2 + -4 + -3))?
-2
Calculate 20 + (-25 - 12) + 15.
-2
What is -13 + 3 + -9 + (55 - 46)?
-10
(-1 - 2) + 2 + 20 + -10
9
What is the value of (-5 - -7) + -11 + 12?
3
What is -7 + 2 + (24 + -14 - -19) - 6?
18
-17 + (2 - 3) + (-2 + -5 - -16)
-9
-8 - (-17 - -24 - 29)
14
What is the value of -9 + 6 + -2 + 11 + -3?
3
Evaluate (-28 - -27 - -17) + -19.
-3
-3 - (18 + 11 + 11 + -21)
-22
Evaluate -9 + -39 + 15 - (-6 + (0 - 0)).
-27
Evaluate 1 + -9 - (0 + 2 + -9 + 4).
-5
What is the value of 9 + (-25 - -11) - (-12 - (1 + -6))?
2
-30 - (-23 + -3) - 0
-4
What is (26 + -19 - 44) + 11 + -9?
-35
Calculate 8 + -10 + 13 + (-3 - 4) + 3.
7
Calculate 1 - 10 - (-13 + (4 - 1)).
1
13 + -17 + (25 - 30)
-9
What is -2 - -2 - (9 + -13 - -9)?
-5
Evaluate 7 + -3 + -3 + 8 + 0 + -7.
2
What is the value of (4 - (-6 + 9)) + 4 + (14 - 26)?
-7
6 - (11 - -1 - (5 - (-3 - 12)))
14
What is the value of -15 - ((-11 - -3) + 5 + 6 + 0)?
-18
Calculate (83 + -43 - 41) + (-1 - 0) + 16.
14
Evaluate 15 - (-6 + 3 - (-21 - -8)).
5
What is the value of -10 + (12 - (8 - 3)) + -14?
-17
What is 10 + -8 + -1 + 3 + (-3 - 15)?
-14
9 - (11 + 8) - -9
-1
What is 5 - (3 - (-13 - (-1 - 0)))?
-10
Calculate 7 + -12 + 6 - ((-10 - -6) + -4).
9
What is the value of -22 + (15 - (28 + -17)) - 15?
-33
What is the value of (-37 - -84) + -39 + -30?
-22
What is the value of (-112 - -106) + (34 - 8)?
20
What is the value of -2 + 34 + -314 + 288?
6
What is -2 + (-8 - -24) + 4?
18
What is the value of (-37 - 4) + -4 + (-4 - (-2 - 8))?
-39
Calculate (-5 - (0 + 4)) + -2 + -6 + 6.
-11
What is the value of 7 + (10 - 7 - 1 - (-2 + 8))?
3
What is the value of -19 + (28 - (48 - 23))?
-16
Calculate 16 + (-9 - ((6 - 7) + -6)).
14
What is the value of 21 - (-1 - (-1 + (-11 - -8)))?
18
What is the value of (-30 + 2 - 3) + 15 + -2?
-18
Calculate (12 + -9 - -6) + -16.
-7
Calculate 9 + 1 - (11 - (8 + -12)).
-5
Evaluate (2 - -24) + -90 + 42.
-22
What is the value of -4 - -4 - (19 + (-15 - -3))?
-7
6 + -10 + (-4 + 4 - -11)
7
What is the value of 8 + (1 - -16 - 15)?
10
What is -8 + 13 - (3 - -12 - 10)?
0
(-31 - -24) + (4 - 5) + 11
3
What is the value of 2 + (6 + -6 + 1 - (0 + -6))?
9
What is the value of 0 + -5 + (59 - 6 - 40)?
8
(-2 + 3 - 5) + -88 + 91
-1
-16 + (0 - -9) + -51 + 62
4
1 + -20 + 14 - -15 - 30
-20
-2 + 5 + -16 - (-46 - -62)
-29
What is the value of -2 + 4 - (32 - 38)?
8
What is the value of -32 + 31 - 9 - (-1 + 1)?
-10
Calculate -54 - -17 - ((2 - 0) + -21 + 12).
-30
Calculate -42 + 7 - (6 - 9 - (4 + -1)).
-29
Evaluate (11 + 2 - 42) + 16.
-13
What is the value of -48 - (-34 - (-52 + 36))?
-30
Evaluate (-3 - 8) + 10 - (-1 - 17).
17
Calculate 6 - (-12 - (-14 + 2 - -7)).
13
Calculate 36 - (40 + -11) - ((2 - 2) + -10).
17
Calculate 9 - (-3 + (0 - (3 + -3)) + 4).
8
What is the value of (73 - 58) + -4 - (2 - -3)?
6
What is 24 + 3 + (-27 - -15)?
15
55 + (-27 - 22) + 7 + -1 + 0
12
What is the value of 3 + 12 - ((37 - 12) + -24)?
14
What is (-14 - (-1 - 5)) + (-24 - -15)?
-17
What is the value of 3 - (-12 - (-3 + 7 + 0))?
19
What is -8 + -2 + (-33 - -18 - -33) + -16?
-8
-10 - (-7 + 13 - -12 - 13)
-15
Evaluate (-3 - -25) + -36 - -14.
0
Evaluate 10 + -19 - (-1 - -1) - (-1 - 2).
-6
Evaluate -1 + (9 - 6) + (-68 - -76).
10
What is 1 + (-2 - (7 + -5)) - (6 + -14)?
5
-5 + (-5 - 11) + 14
-7
What is the value of 79 + -68 - (-8 - (-1 + 4))?
22
What is -1 - -2 - 2 - (-11 + 6)?
4
0 + (1 - -1) + (-278 - -261)
-15
Calculate -21 - (-35 + (7 - -12)).
-5
What is -22 + 14 + -7 - -9?
-6
What is the value of 2 + (-21 - -32) + -18?
-5
Evaluate 156 - 156 - (13 + 0 + -2).
-11
Calculate -3 - (-14 + -14 + (5 - -4) - 6).
22
0 + -9 + -1 - (20 + (-3 - 11))
-16
Calculate 4 - (0 + (-9 - -1) + 9).
3
What is 4 - (-1 + 1) - ((-2 - -19) + -23)?
10
What is -17 + 15 + 5 + -16?
-13
Calculate 36 + -4 + 9 - (22 + -6 - 4).
29
What is 10 + -1 + -36 + -1 + 14 + -8?
-22
Calculate -2 + -10 - -2 - (-433 + 426).
-3
Calculate (1 - 2) + (86 - 22 - 98).
-35
-14 + 2 - (14 + 0 + -21)
-5
Evaluate 10 - -1 - (-21 - (5 - 74)).
-37
Calculate -5 - (1 + 28 + -61).
27
What is the value of 1 + (-1 - (5 - 12 - 1)) + -3?
5
What is -9297 + 9299 + (-1 + -11 - -1)?
-9
What is 653 - 662 - (-6 + 0)?
-3
Calculate (-2 - (-6 - -6)) + (-29 - -27).
-4
What is the value of 11 - ((-30 - -11) + 2 - -8)?
20
What is the value of -18 - (4 + -1 - (8 - (30 + -32)))?
-11
Calculate -11 + -2 + 0 - (-168 + 169).
-14
Calculate (7 + -6 - -5) + -11 + (-5 - -1).
-9
Calculate -16 + 3 + (9 - (7 + -3)) + 1.
-7
Evaluate (0 - (-6 + -1)) + -4 + 5.
8
(88 - 73) + 2 + -8
9
What is the value of -30 - -37 - (13 + -6 + 3)?
-3
Evaluate (-3 - -9) + 3 + -7 - 15.
-13
Evaluate -4 - (-2 - -1 - ((7 - 14) + 12)).
2
What is the value of -3 - (-10 + (-4 - -20 - 2))?
-7
Evaluate (-2 + 9 - (28 + 0)) + (1 - -4).
-16
Evaluate -2 - (8 - (3 + 6)) - 8.
-9
Calculate 171 - 183 - (-11 - (-3 + 5)).
1
Evaluate 11 - (17 - (3 + 24 - 19)).
2
What is 0 + 2 - (252 - 232)?
-18
What is (-30 - -38) + (-10 - (-5 - -6))?
-3
Calculate (232 - 229) + 17 + -1.
19
Evaluate -18 + 4 + 5 + 18.
9
What is the value of 17 + 1 + 25 + -31?
12
What is -69 - -76 - (3 - -18)?
-14
(3 - 21) + 14 + 4
0
What is the value of -49 + 41 + (-5 - 0)?
-13
Evaluate -2 - (-6 + (2 - -11) + -2).
-7
Calculate -1 + -17 + 8 - -7 - 2.
-5
What is -11 - -4 - -8 - -3 - 4?
0
9 + -24 - -6 - (13 + -1)
-21
What is (12 - (21 + 1)) + (0 - -6) - -12?
8
Evaluate -12 + (55 - 33) + (-36 - 0).
-26
What is the value of -5 + (-7 - -28 - 3)?
13
What is the value of -1 + (-9 - -15) + -19 + -6?
-20
What is (0 - 1) + -3 + -7 + -11 + 17?
-5
Evaluate -6 + 10 + (-43 - -32).
-7
What is the value of 0 + (0 - -8) - (-4 + 4)?
8
What is (47 + -43 - (-2 - -7)) + -7?
-8
Calculate (-3 - (-11 + -